 z be 402/o*25/(-10). Suppose -z = 2*c - 1539. Is c composite?
True
Suppose w - 3*w - 50 = 5*r, -167 = 5*w + 2*r. Let o = w + 35. Suppose o = 8*s - 10*s + 106. Is s prime?
True
Let y(k) = 15*k**2 - 1. Let t be y(1). Let m(z) = 155*z - 43. Let i(g) = -2*g + 1. Let a(p) = 2*i(p) + m(p). Is a(t) a prime number?
False
Let t be (4/(-6))/(4*(-2)/10740). Is 11/((-1785)/t + 2) a prime number?
False
Suppose 0 = 11*i + 10*i - 202713. Suppose -598 = -9*u + i. Is u a prime number?
False
Is (-4)/18 + 474684/108 + -8 prime?
False
Let y(r) = 2829*r**2 + 46*r - 216. Is y(7) a composite number?
False
Let h = 349 - 350. Is 9*((-8062)/(-9) + h) a composite number?
False
Let k = -76 - -83. Suppose -k*q = -3*q + 63288. Is (-2)/(-3)*q/(-36) a prime number?
True
Let m(r) = 497*r**2 - 20*r - 212. Is m(-17) composite?
True
Suppose 17*m - 1721460 = 1200007. Is m a composite number?
False
Let m = -61499 - -157578. Is m prime?
True
Suppose 0 = 2*s + 4*o + 1 + 19, 25 = -5*o. Let w = 2 + s. Suppose 4*q + 4517 - 12309 = -w*f, -2*f = 3*q - 5843. Is q a composite number?
False
Let a be (-2)/4 + 61217/(-104)*4. Let u = 23976 + a. Is u a composite number?
True
Let n(u) = -u**3 + 7. Suppose -z - 6 = 5. Let w be n(z). Suppose -2*b = -4*b + w. Is b prime?
False
Let z(t) = t**2 + 9*t + 17. Let v be z(-7). Suppose n + 3*p - 1151 = 0, 6*n - v*p - 4634 = 2*n. Suppose 7*c - n = 250. Is c prime?
False
Suppose -3814 - 3044 = -18*x. Is x composite?
True
Let b(t) = -5*t - 1. Suppose -3*i = -k - 2, 2*k - 3*i + 3 = 2. Let z be b(k). Is (-45)/z*1668/18 prime?
False
Suppose 604*n - 45 = 595*n. Is 610/100*834 - 2/n a composite number?
False
Let x = -13556 - -14216. Suppose 0*p - 2*p = 286. Let j = p + x. Is j a composite number?
True
Let j = -45 + 76. Let g = j + -25. Let r = 125 - g. Is r prime?
False
Suppose -2*y = -5*o - 2776, y - o - 2*o - 1386 = 0. Suppose -3*l = 9, 0 = -5*p + l + y - 3755. Is p/(-24) - 6/9 a composite number?
False
Suppose -1425 = -5*y + x, 0 = y - 4*x - 247 - 38. Is (6598/5)/(114/y) a prime number?
True
Suppose 0 = -5*t + 5*v + 792830, 5*t + 7*v = 3*v + 792803. Is t composite?
False
Suppose -3*i = -4*l - 43, 0 = 3*i - 4*i + 1. Let b(f) = -817*f - 231. Is b(l) composite?
True
Let v = 5925117 + -2079866. Is v prime?
True
Is 4 + (-147)/28 - (-352861470)/120 prime?
False
Let n = 173066 - 77197. Is n composite?
False
Let f = 355 - 344. Let j = -714 - -308. Is (f/(-11))/(2/j) a prime number?
False
Suppose -16*t + 486 = -7*t. Is 2/(-9) + 208938/t a prime number?
False
Let m(o) = 95*o**3 + 24*o**2 - 7*o + 5. Is m(11) composite?
False
Let h(n) = -4*n**2 - 217*n - 445. Let d(y) = y**2 + 72*y + 148. Let m(r) = 7*d(r) + 2*h(r). Is m(51) composite?
True
Let q(d) = 858032*d**2 + 726*d + 725. Is q(-1) a prime number?
False
Let n(l) = -2192*l + 81. Is n(-11) a composite number?
True
Let j = 990 + -96. Suppose -899*q + 15095 = -j*q. Is q prime?
True
Let x(q) = 2*q**3 - 36*q**2 + 12*q - 127. Let k be x(18). Suppose 5*g - 4*f - 2389 = 1891, -3*f - 15 = 0. Suppose g = -85*d + k*d. Is d prime?
False
Suppose -2*u + 318152 = 3*o + 28491, -3*u + 5*o = -434482. Is u a composite number?
False
Suppose c - 5*r = -2*r + 1758, -c = 2*r - 1733. Let d = c + -2666. Let k = -618 - d. Is k prime?
False
Let v(h) = h**2 + 120*h + 312505. Is v(0) prime?
False
Suppose 5*y - 2012 + 19152 = 0. Let w = 5839 + y. Is w a prime number?
True
Let o(h) = 8*h**3 - 70*h**2 + 60*h - 89. Is o(28) a prime number?
True
Is (-6)/36*-18 - -37714 composite?
False
Suppose 2*k = 2*c - 10, 2*c - 15 = -3*c. Let p be (7 - 6) + k/2. Let l(q) = q**3 - q**2 + 177. Is l(p) a composite number?
True
Let o = 320 + -318. Suppose 2*n - 124 = -2*s, 0 = -3*s - s + o*n + 224. Is s composite?
True
Let x(w) = w + 7. Let i be x(11). Suppose 0 = i*n - 4*n - 16618. Is n a composite number?
False
Let f be 4/8 - (-14)/(-4). Is 7382 - 0/(1 + f) composite?
True
Suppose 0 = -304*o + 932*o - 302733052. Is o a composite number?
True
Let h(r) = 510*r - 112. Let p be h(28). Let x = p + 1131. Is x a prime number?
True
Let v(w) = w**2 - 7*w - 56. Let z be v(-5). Suppose -z*b = -s - 2285, 2851 = -7*b + 12*b + 4*s. Is b a composite number?
False
Let s(f) = 0 + 1 + 8*f**2 + 0. Suppose 0 = -6*p + 10*p - 8. Is s(p) composite?
True
Suppose -12*y + 1868 = -13*y. Let p = 4101 + y. Suppose 7*z + 0*z - p = 0. Is z a composite number?
True
Let i(a) be the first derivative of -43*a**2/2 - 4*a - 2. Is i(-1) a prime number?
False
Let j(w) = 1 - 36*w - 2 - 1 - 3. Let i = -41 - -30. Is j(i) composite?
True
Let n be 201/18 + (-2)/12. Suppose -x - 2 = -4*c - 20, 0 = c - 3*x + 10. Let z = n - c. Is z a composite number?
True
Suppose -855*p - 126424 = -863*p. Is p a prime number?
True
Suppose 25 = 4*u + 5*y - 57, 0 = u - 5*y - 8. Suppose 3*w - u = 5*q, -w = -q + 2*q - 14. Is w composite?
False
Suppose -42*i + 73*i = 63801968. Suppose -i = -65*l + 598487. Is l a composite number?
True
Let t = -7 + 13. Let k(r) = 4*r**2 - 12*r + 4. Let p(c) = -3*c**2 + 12*c - 5. Let w(a) = 6*k(a) + 7*p(a). Is w(t) prime?
False
Let h = 204414 - -35659. Is h a composite number?
False
Let u(k) = 6412*k - 939. Is u(25) a composite number?
False
Is 10*49189*3/42 prime?
False
Let l(z) = -4*z + 17. Let t be l(-6). Let k(o) = -102*o**2 + 2419*o**2 + t + o - 42. Is k(1) a composite number?
True
Suppose 0 = -1567*t + 1578*t - 2192839. Is t a prime number?
False
Let r(h) = 95*h + 14. Let x(b) = b**3 + 8*b**2 + 10*b - 1. Let l be x(-6). Let a be r(l). Suppose a = 6*t - 1383. Is t prime?
False
Suppose -13*d - 18 = -122. Is (-40)/d + (-1638)/(-3) a prime number?
True
Let h = 838 + -836. Let i(b) = 2*b**2 + 3*b + 5. Let j be i(-5). Is (-2109)/h*(j/6)/(-10) composite?
True
Suppose -4*p - 4*t + 7 - 167 = 0, -5*p - t = 180. Let c = -31 - p. Suppose -5*h + 1087 = u, -c*h - 1568 = -u - 499. Is u a composite number?
True
Let g = 509 + -507. Is (93/124)/(g/55192) composite?
True
Let b be (-2 - -1)/(-1) + 1. Suppose 0 = -b*d + 6*d + 3*t - 5596, d = -3*t + 1399. Is d prime?
True
Suppose -q + 5178 = 2*s - 9840, s - 7487 = 5*q. Is s prime?
True
Let w(i) = -7*i - 12. Let v be w(-3). Suppose v*m - 4 - 5 = 0. Is -5 - (-4 - m) - -1817 a prime number?
False
Suppose -51*m + 15574515 = 114*m. Is m a prime number?
False
Let g(o) = -9 - 2095*o**3 + 3*o**2 + 10*o - 11*o + 2 + 7. Is g(-1) composite?
False
Let l(m) = 11869*m + 235. Is l(3) a prime number?
False
Suppose 13*m - 9*m - 444778 = -2*h, 2*h + 3*m - 444775 = 0. Is h a prime number?
False
Let n be 7 + -2 - 0 - -2. Let a(v) = 1034*v + 271. Is a(n) a composite number?
True
Let j(t) = 828*t**2 + 13*t + 57. Is j(-4) prime?
False
Let w(t) = -t**3 + 9*t**2 - 3*t - 38. Let o be w(8). Is 12/(-8) - (-2965)/o a composite number?
False
Suppose -3*d + 2*f = 2783, -4*f - 2710 + 860 = 2*d. Let a = d + 2309. Is a a composite number?
True
Let i(u) = 2. Let n(v) = -v. Let f(g) = -i(g) + 2*n(g). Let b be f(-1). Suppose -11*z + 10*z + 1217 = b. Is z prime?
True
Let u = 569 - 557. Suppose u*f + 17257 = 198013. Is f composite?
True
Suppose 0 = -3*q - 10*f + 11*f + 97985, -5*q + 163335 = 5*f. Is q composite?
True
Let g be (3 + -3)*2/(-4). Suppose -160 = -5*f - v, g*f - f = 3*v - 18. Is f a composite number?
True
Let o be (-8)/14 - (-11)/(693/(-4122)). Is (7/2*-1)/(o/7788) a prime number?
False
Let i(n) = 40*n**2 - 51*n + 1380. Is i(-101) a prime number?
True
Let m = 31023 + 88764. Is m prime?
False
Let h(i) = 10*i**2 + 5*i - 57. Let s be h(16). Let g = 3992 - s. Is g a composite number?
False
Is 61147 - ((-1)/(-9) - (1 + (-1550)/225)) prime?
True
Suppose 5*i + 777 = -2*f, -2*i + 5 = -2*f + 313. Suppose -4*w = -9*w - 3*n + 1633, -2*w + 4*n + 648 = 0. Let a = w - i. Is a composite?
True
Let b(u) = 2*u**2 + 38*u + 701. Is b(-19) a composite number?
False
Suppose -35710*w = -35712*w + 639418. Is w a composite number?
True
Suppose 2*l - 2801*n + 2797*n = 2657914, l + 5*n = 1328922. Is l prime?
False
Suppose 192 - 220 = d. Is 71*(7/d + (-63)/(-12)) composite?
True
Suppose -2*n + 312 = 2*d, 11*n + d = 6*n + 792. Let g(o) = 115*o + n*o - 29 + 40. Is g(5) a composite number?
False
Let p(y) be the first derivative of 1/4*y**4 + 9/2*y**2 - 25 - 8/3*y**3 - 14*y. Is p(8) composite?
True
Suppose 3*a = a + 4*m + 1612, 3169 = 4*a + 3*m. Let q = 1458 - a. Is q a composite number?
True
Let d(l) = 2*l - 3. Let a 